32039?
2
What is the units digit of 114995?
5
What is the thousands digit of 627947?
7
What is the tens digit of 1110706?
0
What is the ten thousands digit of 59264?
5
What is the hundreds digit of 2758689?
6
What is the thousands digit of 44873?
4
What is the hundreds digit of 9713?
7
What is the units digit of 82391?
1
What is the hundreds digit of 2869038?
0
What is the hundred thousands digit of 18322372?
3
What is the tens digit of 374521?
2
What is the thousands digit of 3916419?
6
What is the thousands digit of 1200086?
0
What is the hundreds digit of 347923?
9
What is the tens digit of 4463088?
8
What is the hundred thousands digit of 100050?
1
What is the units digit of 296477?
7
What is the thousands digit of 39856?
9
What is the millions digit of 3520477?
3
What is the hundreds digit of 1592497?
4
What is the hundred thousands digit of 11921998?
9
What is the ten thousands digit of 4055845?
5
What is the thousands digit of 98340?
8
What is the units digit of 1289946?
6
What is the thousands digit of 6502283?
2
What is the thousands digit of 2152319?
2
What is the hundreds digit of 14528020?
0
What is the tens digit of 6451813?
1
What is the hundreds digit of 5975126?
1
What is the hundreds digit of 1172491?
4
What is the millions digit of 1908406?
1
What is the thousands digit of 146244?
6
What is the hundred thousands digit of 586734?
5
What is the tens digit of 85505?
0
What is the millions digit of 9670612?
9
What is the thousands digit of 21926?
1
What is the tens digit of 3787192?
9
What is the hundred thousands digit of 3980874?
9
What is the units digit of 11496593?
3
What is the hundreds digit of 62570?
5
What is the units digit of 368702?
2
What is the thousands digit of 3024684?
4
What is the millions digit of 1154933?
1
What is the thousands digit of 122258?
2
What is the ten thousands digit of 18081344?
8
What is the thousands digit of 634650?
4
What is the hundred thousands digit of 392618?
3
What is the millions digit of 2176989?
2
What is the hundred thousands digit of 6983352?
9
What is the ten thousands digit of 2992470?
9
What is the ten thousands digit of 179394?
7
What is the ten thousands digit of 56242?
5
What is the thousands digit of 858886?
8
What is the tens digit of 643320?
2
What is the millions digit of 19360534?
9
What is the units digit of 30657?
7
What is the hundreds digit of 2285695?
6
What is the millions digit of 6234088?
6
What is the ten thousands digit of 487382?
8
What is the hundreds digit of 177745?
7
What is the units digit of 297760?
0
What is the hundred thousands digit of 1465226?
4
What is the millions digit of 1063534?
1
What is the tens digit of 360082?
8
What is the tens digit of 224042?
4
What is the thousands digit of 28424229?
4
What is the hundred thousands digit of 117595?
1
What is the hundreds digit of 2950956?
9
What is the hundred thousands digit of 712973?
7
What is the ten thousands digit of 12554687?
5
What is the millions digit of 36598221?
6
What is the tens digit of 186475?
7
What is the tens digit of 5522481?
8
What is the millions digit of 1231302?
1
What is the units digit of 149477?
7
What is the ten thousands digit of 350203?
5
What is the ten thousands digit of 642454?
4
What is the tens digit of 287154?
5
What is the ten thousands digit of 285992?
8
What is the ten thousands digit of 22905238?
0
What is the thousands digit of 571349?
1
What is the ten thousands digit of 23666713?
6
What is the tens digit of 567457?
5
What is the millions digit of 2899423?
2
What is the units digit of 2854180?
0
What is the hundreds digit of 309559?
5
What is the ten thousands digit of 7926834?
2
What is the units digit of 802057?
7
What is the units digit of 1280000?
0
What is the units digit of 2404193?
3
What is the tens digit of 22919324?
2
What is the units digit of 124748?
8
What is the thousands digit of 386227?
6
What is the units digit of 1404985?
5
What is the units digit of 52437?
7
What is the ten thousands digit of 210493?
1
What is the hundreds digit of 16242170?
1
What is the tens digit of 7647085?
8
What is the units digit of 12756667?
7
What is the tens digit of 9733143?
4
What is the thousands digit of 12233853?
3
What is the tens digit of 454810?
1
What is the thousands digit of 189869?
9
What is the thousands digit of 640036?
0
What is the units digit of 22921?
1
What is the ten thousands digit of 1501366?
0
What is the ten thousands digit of 24865080?
6
What is the units digit of 14264859?
9
What is the units digit of 40124?
4
What is the thousands digit of 2420?
2
What is the units digit of 22286336?
6
What is the thousands digit of 31524997?
4
What is the ten thousands digit of 1237831?
3
What is the thousands digit of 512158?
2
What is the hundreds digit of 8018499?
4
What is the ten thousands digit of 1885254?
8
What is the units digit of 227844?
4
What is the ten thousands digit of 7166443?
6
What is the units digit of 4325519?
9
What is the units digit of 11037086?
6
What is the hundreds digit of 4012635?
6
What is the tens digit of 2508488?
8
What is the hundred thousands digit of 151128?
1
What is the hundreds digit of 27829?
8
What is the ten thousands digit of 4352579?
5
What is the hundreds digit of 354262?
2
What is the hundred thousands digit of 14111588?
1
What is the millions digit of 1799362?
1
What is the hundred thousands digit of 33960669?
9
What is the hundreds digit of 188282?
2
What is the ten thousands digit of 343846?
4
What is the units digit of 1974417?
7
What is the thousands digit of 11711?
1
What is the hundred thousands digit of 1483447?
4
What is the tens digit of 469686?
8
What is the hundred thousands digit of 2171831?
1
What is the tens digit of 2440156?
5
What is the hundred thousands digit of 244092?
2
What is the units digit of 575167?
7
What is the millions digit of 7550102?
7
What is the thousands digit of 436153?
6
What is the hundreds digit of 2657866?
8
What is the thousands digit of 547034?
7
What is the hundreds digit of 118367?
3
What is the tens digit of 4478258?
5
What is the hundreds digit of 1513689?
6
What is the ten thousands digit of 722842?
2
What is the thousands digit of 5310979?
0
What is the hundreds digit of 173834?
8
What is the tens digit of 4596560?
6
What is the thousands digit of 969252?
9
What is the millions digit of 11991513?
1
What is the ten thousands digit of 6401911?
0
What is the units digit of 345284?
4
What is the hundreds digit of 886848?
8
What is the units digit of 5672011?
1
What is the millions digit of 8556197?
8
What is the hundred thousands digit of 739150?
7
What is the hundred thousands digit of 266246?
2
What is the ten thousands digit of 289294?
8
What is the ten thousands digit of 5159724?
5
What is the hundreds digit of 629031?
0
What is the units digit of 256336?
6
What is the tens digit of 466866?
6
What is the thousands digit of 540522?
0
What is the tens digit of 185530?
3
What is the tens digit of 21950183?
8
What is the tens digit of 260653?
5
What is the hundreds digit of 74582?
5
What is the thousands digit of 3849389?
9
What is the tens digit of 657185?
8
What is the ten thousands digit of 7691164?
9
What is the millions digit of 12007201?
2
What is the hundred thousands digit of 3988807?
9
What is the hundred thousands digit of 174339?
1
What is the ten thousands digit of 826024?
2
What is the hundreds digit of 161948?
9
What is the hundreds digit of 1526363?
3
What is the tens digit of 20767?
6
What is the thousands digit of 1266468?
6
What is the hundreds digit of 590260?
2
What is the millions digit of 2634544?
2
What is the hundred thousands digit of 14024698?
0
What is the hundreds digit of 592471?
4
What is the thousands digit of 19669671?
9
What is the tens digit of 648750?
5
What is the millions digit of 5140120?
5
What is the hundred thousands digit of 945263?
9
What is the ten thousands digit of 50664?
5
What is the tens digit of 219317?
1
What is the units digit of 6743668?
8
What is the millions digit of 1357361?
1
What is the units digit of 62167?
7
What is the units digit of 1124333?
3
What is the thousands digit of 79588?
9
What is the ten thousands digit of 271637?
7
What is the ten millions digit of 15320430?
1
What is the units digit of 1920